inder when 1966 is divided by 4?
2
What is the remainder when 808 is divided by 32?
8
Calculate the remainder when 61 is divided by 8.
5
What is the remainder when 9262 is divided by 109?
106
What is the remainder when 1776 is divided by 441?
12
Calculate the remainder when 175 is divided by 19.
4
What is the remainder when 265 is divided by 19?
18
What is the remainder when 206 is divided by 70?
66
What is the remainder when 159 is divided by 21?
12
Calculate the remainder when 299 is divided by 6.
5
What is the remainder when 182 is divided by 67?
48
Calculate the remainder when 902 is divided by 64.
6
What is the remainder when 686 is divided by 69?
65
Calculate the remainder when 839 is divided by 70.
69
What is the remainder when 6432 is divided by 195?
192
Calculate the remainder when 318 is divided by 64.
62
What is the remainder when 369 is divided by 228?
141
Calculate the remainder when 6453 is divided by 2144.
21
Calculate the remainder when 85 is divided by 44.
41
What is the remainder when 553 is divided by 25?
3
What is the remainder when 1863 is divided by 8?
7
What is the remainder when 354 is divided by 174?
6
Calculate the remainder when 43175 is divided by 21.
20
Calculate the remainder when 230 is divided by 10.
0
What is the remainder when 287 is divided by 94?
5
What is the remainder when 124 is divided by 19?
10
Calculate the remainder when 166 is divided by 21.
19
Calculate the remainder when 69 is divided by 14.
13
Calculate the remainder when 1427 is divided by 69.
47
What is the remainder when 172 is divided by 7?
4
What is the remainder when 356 is divided by 30?
26
What is the remainder when 25 is divided by 20?
5
Calculate the remainder when 752 is divided by 63.
59
What is the remainder when 245 is divided by 5?
0
Calculate the remainder when 232 is divided by 78.
76
Calculate the remainder when 11231 is divided by 13.
12
What is the remainder when 1744 is divided by 53?
48
Calculate the remainder when 2479 is divided by 40.
39
What is the remainder when 1087 is divided by 331?
94
What is the remainder when 2495 is divided by 120?
95
Calculate the remainder when 141 is divided by 78.
63
What is the remainder when 274 is divided by 23?
21
Calculate the remainder when 586 is divided by 144.
10
Calculate the remainder when 770 is divided by 33.
11
What is the remainder when 3166 is divided by 8?
6
What is the remainder when 166 is divided by 25?
16
What is the remainder when 271 is divided by 21?
19
What is the remainder when 628 is divided by 21?
19
What is the remainder when 31 is divided by 16?
15
What is the remainder when 3416 is divided by 51?
50
What is the remainder when 398 is divided by 16?
14
What is the remainder when 787 is divided by 777?
10
What is the remainder when 65 is divided by 37?
28
What is the remainder when 75 is divided by 38?
37
What is the remainder when 8292 is divided by 22?
20
Calculate the remainder when 82 is divided by 15.
7
Calculate the remainder when 3549 is divided by 148.
145
Calculate the remainder when 261 is divided by 252.
9
Calculate the remainder when 107 is divided by 56.
51
What is the remainder when 101 is divided by 13?
10
What is the remainder when 269 is divided by 10?
9
Calculate the remainder when 65 is divided by 32.
1
What is the remainder when 1362 is divided by 47?
46
What is the remainder when 4687 is divided by 68?
63
Calculate the remainder when 793 is divided by 87.
10
What is the remainder when 601 is divided by 166?
103
Calculate the remainder when 260 is divided by 45.
35
Calculate the remainder when 84 is divided by 68.
16
What is the remainder when 61 is divided by 21?
19
Calculate the remainder when 1625 is divided by 518.
71
Calculate the remainder when 3682 is divided by 264.
250
Calculate the remainder when 1375 is divided by 197.
193
Calculate the remainder when 188 is divided by 39.
32
Calculate the remainder when 34 is divided by 14.
6
Calculate the remainder when 416 is divided by 83.
1
What is the remainder when 722 is divided by 113?
44
Calculate the remainder when 800 is divided by 89.
88
Calculate the remainder when 47 is divided by 12.
11
Calculate the remainder when 42 is divided by 12.
6
What is the remainder when 607 is divided by 296?
15
Calculate the remainder when 79 is divided by 30.
19
Calculate the remainder when 2397 is divided by 60.
57
What is the remainder when 29 is divided by 20?
9
Calculate the remainder when 155 is divided by 39.
38
Calculate the remainder when 481 is divided by 141.
58
What is the remainder when 1569 is divided by 257?
27
What is the remainder when 1510 is divided by 63?
61
Calculate the remainder when 414 is divided by 83.
82
What is the remainder when 1747 is divided by 70?
67
Calculate the remainder when 852 is divided by 45.
42
What is the remainder when 359 is divided by 58?
11
What is the remainder when 281 is divided by 36?
29
Calculate the remainder when 84 is divided by 5.
4
Calculate the remainder when 371 is divided by 12.
11
Calculate the remainder when 1020 is divided by 128.
124
Calculate the remainder when 2853 is divided by 51.
48
Calculate the remainder when 22 is divided by 17.
5
What is the remainder when 410 is divided by 126?
32
What is the remainder when 399 is divided by 187?
25
What is the remainder when 480 is divided by 156?
12
What is the remainder when 463 is divided by 80?
63
Calculate the remainder when 66 is divided by 2.
0
What is the remainder when 3913 is divided by 1301?
10
Calculate the remainder when 14249 is divided by 10.
9
Calculate the remainder when 341 is divided by 57.
56
Calculate the remainder when 798 is divided by 132.
6
What is the remainder when 1856 is divided by 95?
51
Calculate the remainder when 21110 is divided by 104.
102
What is the remainder when 2291 is divided by 192?
179
What is the remainder when 1341 is divided by 167?
5
Calculate the remainder when 258 is divided by 245.
13
What is the remainder when 1707 is divided by 637?
433
Calculate the remainder when 710 is divided by 234.
8
What is the remainder when 66 is divided by 7?
3
Calculate the remainder when 195 is divided by 24.
3
What is the remainder when 3947 is divided by 197?
7
Calculate the remainder when 784 is divided by 169.
108
What is the remainder when 62 is divided by 16?
14
Calculate the remainder when 1067 is divided by 12.
11
Calculate the remainder when 23 is divided by 8.
7
Calculate the remainder when 965 is divided by 41.
22
Calculate the remainder when 116 is divided by 10.
6
Calculate the remainder when 36713 is divided by 58.
57
What is the remainder when 297 is divided by 60?
57
Calculate the remainder when 45 is divided by 16.
13
Calculate the remainder when 60 is divided by 47.
13
Calculate the remainder when 465 is divided by 241.
224
Calculate the remainder when 477 is divided by 122.
111
What is the remainder when 238 is divided by 6?
4
Calculate the remainder when 252 is divided by 20.
12
Calculate the remainder when 146 is divided by 75.
71
What is the remainder when 685 is divided by 134?
15
What is the remainder when 700 is divided by 80?
60
Calculate the remainder when 389 is divided by 64.
5
What is the remainder when 25649 is divided by 242?
239
What is the remainder when 5029 is divided by 13?
11
What is the remainder when 316 is divided by 110?
96
What is the remainder when 114 is divided by 11?
4
What is the remainder when 37 is divided by 18?
1
What is the remainder when 705 is divided by 50?
5
Calculate the remainder when 13 is divided by 5.
3
What is the remainder when 64 is divided by 37?
27
Calculate the remainder when 78 is divided by 17.
10
Calculate the remainder when 1760 is divided by 84.
80
Calculate the remainder when 11525 is divided by 8.
5
Calculate the remainder when 1194 is divided by 387.
33
Calculate the remainder when 237 is divided by 81.
75
What is the remainder when 275 is divided by 31?
27
Calculate the remainder when 572 is divided by 142.
4
What is the remainder when 3977 is divided by 284?
1
What is the remainder when 719 is divided by 14?
5
What is the remainder when 937 is divided by 210?
97
Calculate the remainder when 141 is divided by 48.
45
Calculate the remainder when 882 is divided by 62.
14
What is the remainder 